Let i = -7 + -5. Let m = i - a. What are the prime factors of m?
2, 5
Let h = 11561 - 6020. What are the prime factors of h?
3, 1847
Suppose -f - 2 = -6. Suppose -4*s - 3 + 2 = -5*o, o - 5 = -f*s. Let a = 2 + o. List the prime factors of a.
3
Let b(u) = -u - 18. Let q be b(27). What are the prime factors of 4 + (8970/q)/((-2)/3)?
3, 101
Suppose 2*o + i + 14 = -7, 0 = 3*o - 4*i + 15. Let y be (4*o/(-6))/(-2). Let u = 9 - y. What are the prime factors of u?
2, 3
Let t = 4988 - 2965. List the prime factors of t.
7, 17
Suppose -4*h + 7*h - 1068 = 0. What are the prime factors of h?
2, 89
Let a(q) = -q**2 - 73*q + 6. List the prime factors of a(-34).
2, 3, 37
Let i = 6326 + -3557. What are the prime factors of i?
3, 13, 71
Suppose -2*m + 7*m - 2*v = 4110, -5*m - 3*v = -4110. List the prime factors of m.
2, 3, 137
Let p be -3*(32/(-6) - -4). Suppose 2*n - 3*h = -3*n + 24, 0 = p*n - h - 15. Suppose 3*z - 232 = -4*b - 82, -n*z + 126 = -4*b. What are the prime factors of z?
2, 23
Let a = 827 - 392. What are the prime factors of a?
3, 5, 29
Let b(v) = 8*v**2 + 30*v - 4. What are the prime factors of b(-10)?
2, 31
Let g be (-4)/10 - 22/(-5). Suppose 5*k = -g*t - 5 + 21, 0 = -4*k. Suppose 9*z - 160 = t*z. What are the prime factors of z?
2
Let m(z) be the third derivative of z**5/30 + z**4/4 - z**3/2 - 15*z**2. List the prime factors of m(-5).
17
Suppose -4*f + 6 = -2. Let b = 190 - 186. Suppose -j - 112 = -3*w - f*w, -b*w + j = -90. List the prime factors of w.
2, 11
Let l = -50 + 40. Let v(d) = d**3 + 10*d**2 - 13*d + 8. What are the prime factors of v(l)?
2, 3, 23
Let t be (-8)/(-24)*9*-1. Let y = -1 + t. List the prime factors of 3/(-4) - 67/y.
2
Let k(d) = -3*d - 31. Let j be k(-11). Suppose y - 82 = -j. List the prime factors of y.
2, 5
Let n be (-1 - -2)/((-1)/27). Let h = n - 0. Let p = -12 - h. What are the prime factors of p?
3, 5
Let y(p) = -5*p + 4*p**2 + 0*p**2 - 22 + 20 + 4*p - 13*p**3. Let w be y(3). List the prime factors of 1/(2/w*-4).
2, 5
List the prime factors of (-13)/(52/(-944)) - (7 + -4).
233
Let a be 0 + 3 + 6 + 1. Let b = -10 + a. Suppose 3*f - 3 - 6 = b. What are the prime factors of f?
3
Suppose -19*v + 22*v - n = 2711, 5*n = -2*v + 1796. List the prime factors of v.
3, 7, 43
Let t be 16/4*(-5)/4. Let i be 2/(-6) + t/(-15). What are the prime factors of 27 + 4/(-12)*i?
3
Let u(b) = b**2 + b. Let l = 8 + -6. Suppose -6*o + 2*o = 3*f - 32, l*f - 3*o = -7. List the prime factors of u(f).
2, 5
Suppose 3*a = -m + 1, -10*a - 36 = -4*m - 6*a. Let u(z) = 7*z + 6*z**2 + 7 + 0 - z**3 + 0. List the prime factors of u(m).
7
Suppose -2990 = -11*o - 15*o. What are the prime factors of o?
5, 23
Let m(h) = -h**2 + 10*h + 7. Let r be m(10). Suppose 8*o = 39 - r. Suppose -u - p + 56 = 0, -o*p - 5 = -5*p. List the prime factors of u.
3, 17
Let c = 363 + -113. Let l = -96 + c. List the prime factors of l.
2, 7, 11
Suppose 5*d - 837 = 143. Suppose d = -3*i + 5*i. List the prime factors of i.
2, 7
Let r(q) = q**2 + 5*q - 13. Let u(m) = 2*m**2 - 3*m + 5. Let c(o) = 1. Let j(i) = 5*c(i) - u(i). Let t be j(3). List the prime factors of r(t).
23
Let l be (2/6)/(1/18). Let o = -5 + 10. Suppose -o*s - 10 = -l*s. List the prime factors of s.
2, 5
Let g = 80 + -14. Suppose 71*s = g*s + 995. List the prime factors of s.
199
Suppose -1758 + 2088 = 3*a. List the prime factors of a.
2, 5, 11
Let z = -24 - -74. Suppose -4*i = 4*l - 516, i + 2*l + 362 = 4*i. Suppose 0 = -2*r - 2*s + z, r = -3*r + 4*s + i. List the prime factors of r.
2, 7
Suppose 68*q - 115*q + 183864 = 0. List the prime factors of q.
2, 3, 163
Let k = 765 - 417. Suppose -3*u - 5*w + 350 = 0, -w = -4*u + k + 157. What are the prime factors of u?
5
Suppose 5*f - 79 - 1 = 0. What are the prime factors of ((776/5)/(-4))/(f/(-40))?
97
Let r = 80 + -197. Let l = -60 - r. List the prime factors of l.
3, 19
Suppose -15 = -3*t, -5*t + 440 = -7*x + 2*x. Let c = -16 - x. List the prime factors of c.
67
Suppose b = -5 - 1. Let f = 11 + b. Suppose -q + f*m + 11 = q, 2*q + 2*m = 18. What are the prime factors of q?
2
Let h(y) = y**2 - 12*y + 38. Let f be h(7). Suppose -l - 3*a = 19 - 180, f*a = -2*l + 328. What are the prime factors of l?
167
List the prime factors of (-8)/6*-207*(-52)/(-8).
2, 3, 13, 23
Let j(g) = -23*g**2 - 16*g**2 + 4 + 38*g**2 + 21*g. What are the prime factors of j(14)?
2, 3, 17
Let w be (-9)/6*2/3. Let b = w + 32. What are the prime factors of b?
31
Suppose -8*d + 50034 = 23*d. List the prime factors of d.
2, 3, 269
Let g(y) = y**2 - 1164*y**3 + 4 + 4*y + 1165*y**3 + 5*y**2. Suppose 6*q = q - 20. What are the prime factors of g(q)?
2, 5
Let f be 1/(-3) + 140/15. What are the prime factors of 112/1 - (f - 4)?
107
Suppose -5*u = 0, -f = -4*u - 14 + 5. Suppose -f*v + 4*v + 40 = 0. What are the prime factors of (-6*2)/4 + v?
5
List the prime factors of (-68)/((4 + -6)*1/21).
2, 3, 7, 17
Suppose 0 = 5*n + 5, 2*y + 118 = n + 3*n. Let m = 180 - 88. Let q = y + m. What are the prime factors of q?
31
Let m = 237 - -1133. What are the prime factors of m?
2, 5, 137
Suppose 6 = -2*p, -8*z + 4*z = 3*p + 1. List the prime factors of (1 - 95)*z/(-4).
47
Let y(h) = 3*h**3 - 17*h**2 - 3*h - 5. Let o(r) = -r**3 + 6*r**2 + r + 2. Let d(b) = 8*o(b) + 3*y(b). List the prime factors of d(4).
13
Let b be 1*85 - -2*4/8. Suppose 0 = -4*n + 2*j + 458 - 114, b = n + 2*j. What are the prime factors of n?
2, 43
Suppose 6*n + 0 = 42. Let k(b) = 3*b**2 + 3*b - 20. List the prime factors of k(n).
2, 37
Let c be -485 + (1 - (-4 + 2)). Let n = 681 + c. List the prime factors of n.
199
Let c(y) = y**3 - 2*y**2. Let l be c(2). Let i = l + 24. List the prime factors of 8/i + 142/6.
2, 3
Let n(c) = -c**2 - 9*c + 12. Let v = 13 + -23. Let q be n(v). Suppose 0*g - q*g = -82. What are the prime factors of g?
41
Let z(n) = -5*n - 27. Let y be z(-16). Let s = -26 + y. Let o = 59 - s. List the prime factors of o.
2
Let h(u) = u**2 + 4*u + 5. Let x be h(-7). Let g = x - 11. List the prime factors of (g - 5) + (3 - 0).
13
Suppose -6*y + 8*y = 3*h + 535, 3*h = 5*y - 532. Let d = 134 - h. What are the prime factors of d?
313
Let q(o) = o**2 - 6*o - 3. Let f be q(7). Suppose f*i = -5*d + 17, 2*i + i - 4*d = 5. List the prime factors of (i + (-5)/3)*3.
2
Suppose 3*x + 8 = 23. Suppose -5*l - x*f + 1750 = 0, 3 + 1 = 2*f. List the prime factors of l.
2, 3, 29
Suppose z - 18 = -17. Suppose 3*g = 47 + z. List the prime factors of g.
2
Suppose 9 = p - 2*a, 3 + 31 = 2*p + 4*a. Let n = p - 7. Suppose 5*r = -i - 7, -n - 2 = -4*i - 2*r. List the prime factors of i.
3
Suppose -p + 0 = -2. Suppose -5*s + 3*z - 9 = 0, p*s + 0*s - 2 = 4*z. List the prime factors of ((-111)/3*s)/3.
37
Suppose 6*j - 7*j - 5 = 0. Let g be 4/j*210/12. What are the prime factors of (-228)/g + 4/(-14)?
2
List the prime factors of (-13124)/(-7) + 7 + 385/(-49).
2, 937
Suppose -169222 = -82*t + 58574. List the prime factors of t.
2, 3, 463
Let n be 16 - (0 - (3 - 3)). Let a = -11 + n. Suppose -4*r + 4*b = -163 + 7, -a*b + 133 = 3*r. List the prime factors of r.
41
Suppose -2*m + 10 = 3*u, -2*u = -5*m + u + 46. Suppose -m = -2*b + b. What are the prime factors of b?
2
Let z(v) = -v + 9. Let r be z(7). Suppose 0 = -r*q - 0*q. Suppose q*y = -4*y + 44. What are the prime factors of y?
11
Let f = -6 + 4. Let v be (f/(-6))/((-7)/399). Let y = v + 45. What are the prime factors of y?
2, 13
Let t = 10 - 43. Let d = -316 - -326. List the prime factors of (-864)/t - d/55.
2, 13
Suppose 2*w - 450 = -400. What are the prime factors of w?
5
Suppose -6*c + 3617 + 2971 = 0. List the prime factors of c.
2, 3, 61
Let m(p) = 4*p**3 + 4*p**2 + 9. Let g(s) = -5*s**3 - 3*s**2 + s - 10. Let r(a) = 3*g(a) + 4*m(a). Suppose 30*o + 224 - 74 = 0. List the prime factors of r(o).
41
Let p = 940 - -938. List the prime factors of p.
2, 3, 313
Let m be 12/64*4*-56. Let k be (-1)/(-7) + (-162)/m. List the prime factors of ((-1)/(-2))/(k/104).
13
Let l = -198 + 204. List the prime factors of l.
2, 3
Suppose 5*n = -5*l - 25, 2*l - 23 = 5*n + 9. Let b = 47 + n. List the prime factors of b.
41
Suppose -36*s + 30*s + 2712 = 0. List the prime factors of s.
2, 113
Let u(n) = -n**3 - 5*n**2. Let z be u(-5). Let f(t) = t**3 - t**2 - t + 26. What are the prime factors of f(z)?
2, 13
Let t(b) = b**2. Let d be t